culate -46 + 46 + (-1 - -7).
6
4 + (7 - (-1 + 14))
-2
(1 - -9 - 10) + -3
-3
1 + 1 - (-2 + -3 + 2)
5
What is 6 - (9 + (7 - 14)) - 9?
-5
What is the value of (-7 - (-2 - 1)) + 3?
-1
-15 - -5 - (-1 + (-1 - 5))
-3
0 - (0 + 5) - (-6 + 3)
-2
Evaluate 4 + -4 + 2 + (-6 - -2).
-2
What is the value of (-7 + 3 - -2) + -1?
-3
Calculate (20 - 33) + 18 - (-1 - 0).
6
What is (9 - 4 - 9) + 7 - 0?
3
Evaluate (-2 - (-2 + 4)) + 5.
1
What is (-9 - (4 + -9)) + 5?
1
-1 - (0 - 1) - (24 - 24)
0
What is the value of 0 + -1 - (-59 - -58)?
0
Evaluate (-1 - (0 - 0)) + 1 + -1.
-1
What is the value of -2 + 8 + -2 + (-30 - -30)?
4
What is the value of (5 - 6) + -4 - -7?
2
What is -6 + (-1 + -1 - (-12 + 6))?
-2
Evaluate 28 + -28 + (-2 - (-6 + 2)).
2
(-6 - (-8 + 6)) + 1 + 3
0
Evaluate 6 + (-1 - 18) + (-10 - -16).
-7
Calculate (-5 - -8) + (6 + -2 - 2).
5
-3 + (-2 - 0 - -10)
5
What is 5 + -11 - (-11 - -6)?
-1
Evaluate 10 - 1 - (7 + -3 - 0).
5
What is the value of (3 - (5 + -6)) + -5?
-1
What is (-2 + 0 - -6) + (41 - 44)?
1
Calculate (-3 - (5 - 3)) + 4.
-1
Calculate 8 + (1 - -1) + -17 + 12.
5
What is the value of 30 + -24 - (16 + -1)?
-9
What is -5 + (5 - 2) + 3 + 4?
5
What is -2 + 4 - -8 - (-11 - -16)?
5
Calculate -24 + 24 - 4 - (-1 - 9).
6
What is 1 + -4 + 4 + -5 - -1?
-3
Calculate (1 - 1 - (-6 - -3)) + -3.
0
4 + (-9 - (10 - 16))
1
Evaluate (0 - -1) + -1 + 4.
4
Evaluate -3 + (2 - (3 + (-1 - -1))).
-4
What is -2 - (3 + -5 + -3 + 2)?
1
(3 - -1) + (9 - 12)
1
What is 61 + -68 - ((1 - 2) + -15)?
9
What is (2 + 2 - -4) + (1 - 4)?
5
Calculate 4 - 2 - (-2 + -5 + 10).
-1
What is -3 + 5 + -3 + -1?
-2
Calculate 5 + (-7 - -7) + -3.
2
What is the value of (5 + -5 - -8) + -3?
5
-3 - -1 - -4 - (2 + -1)
1
(3 - (2 - 2) - 0) + -1
2
What is -3 + -2 - (-19 - -11)?
3
Evaluate (8 - (5 - 2 - -1)) + -8.
-4
Calculate -4 - ((-4 - -5) + -3).
-2
What is 4 - (-4 - -8) - -3?
3
Evaluate 21 + -11 - (5 - -1).
4
Calculate 7 + -7 - (-2 + -1 + 1).
2
-3 + (-5 - -4) + 0
-4
What is the value of (-2 - 5) + 3 + 1 - -5?
2
-17 - (-9 + -11 + 8)
-5
Evaluate 73 + -67 + 1 + (-5 - -1).
3
What is 4 + -7 + 7 + -8?
-4
What is (-22 - -26) + (-4 - -1)?
1
(6 - (1 - -2)) + -6 + 2
-1
Evaluate (7 + -5 - -4) + -10.
-4
Evaluate 4 + (-3 - (7 - 5)) + 5.
4
What is the value of 0 + (1 - (-5 - 3 - -4))?
5
(-6 - -1) + 42 + -41
-4
What is the value of 3 + 2 + -2 - 3?
0
What is 7 + (4 - (1 + (4 - -4)))?
2
What is 4 - (-3 - (-5 - (1 - 5)))?
6
5 + (1 - 1) + -3 + -1
1
Calculate (-6 - -3) + 4 - -1.
2
Calculate (-5 + -2 + 2 - -3) + 1.
-1
Evaluate 2 + (-6 - 2) + 2 + 13.
9
Calculate 3 - (4 + -3 + 3).
-1
Evaluate -2 + 5 - 5 - (1 - 1).
-2
What is the value of (-16 - -12 - (1 + -1)) + 8?
4
What is -6 + 3 + -1 + 3?
-1
Evaluate 5 + (-3 - -7) - 8.
1
What is the value of 1 - (9 + -3 + (-7 - -1))?
1
Evaluate 12 + -13 + -11 + 17.
5
Calculate (-2 - 2 - -4) + 3.
3
What is -1 - 4 - (-10 - -3)?
2
What is -2 + 0 - (-5 + -7 + 8)?
2
What is -1 - (-3 + 4 + -1 + 1)?
-2
What is the value of (9 + 10 - 4) + -8?
7
What is 5 - 0 - (16 + (7 - 20))?
2
Evaluate 3 - 7 - (0 + -3 + 2).
-3
-3 - -1 - -6 - -1
5
Evaluate (1 - 1) + -5 + -12 + 12.
-5
What is the value of 3 - (1 + 1) - (3 - 0)?
-2
What is the value of 4 + (-7 + 6 - 4) - -7?
6
What is (-7 - 1) + 9 - (-3 + 0)?
4
Evaluate 1 - 0 - (7 + -5 + -4).
3
Evaluate 9 + (1 - 5 - (-24 - -24)).
5
What is -5 + 1 - (-13 - -12)?
-3
-5 + 7 + (-4 - 0) - 3
-5
What is the value of 3 + (6 - 5) + 1?
5
Evaluate -2 + (4 + -5 - -1).
-2
What is (-8 - (-10 + 4) - 4) + 2?
-4
What is -2 + 0 + 0 - (-113 + 107)?
4
Evaluate (-3 - -1 - -1) + -1.
-2
What is 0 - 0 - (-12 - -8) - 4?
0
Evaluate 9 + -4 - (-1 + 10).
-4
Evaluate 1 + -4 + -1 + 3.
-1
Calculate 2 - 4 - (10 - 6 - 3).
-3
What is the value of -6 + (-6 - 0) + (-9 - -13)?
-8
0 + 3 - (2 - (-2 + 4))
3
Calculate (14 - 8 - 3) + 0.
3
What is the value of 1 + 0 - (8 - 8) - -4?
5
Evaluate (-7 - (5 + -7)) + 1.
-4
-12 + 0 + (10 - 2) - -14
10
What is 3 - (7 - 4) - -3?
3
What is -9 + (3 - (-6 - -1))?
-1
What is (81 - 72) + 1 + -2?
8
What is 0 + (4 + -1 - 9) + 3?
-3
Calculate (-6 - -3 - -6) + -2.
1
What is the value of (5 - 1) + -14 + 4?
-6
Evaluate -3 + -2 + 8 + -2.
1
What is -2 + 2 - 4 - (-3 - 5)?
4
Calculate 11 - 5 - (7 + -6).
5
What is the value of 4 + -9 - (-5 - -4)?
-4
What is (-1 - 1) + (5 - (1 - -6))?
-4
What is the value of -4 + (3 - 5 - 3 - -12)?
3
2 + -3 + 1 + 4 + 0
4
Calculate 2 - (3 + -2 + -1 + 3).
-1
-5 + 8 + -9 - (-7 + -1)
2
(4 - 1) + (-4 - 2)
-3
Calculate 7 - (3 - 14 - -15).
3
What is the value of 7 + 4 + -15 + (3 - 0)?
-1
What is 4 + 7 + (-9 - 4)?
-2
What is (-2 - 2 - -1) + 4 - -2?
3
Evaluate 5 + 3 + -8 - (1 - -1).
-2
What is the value of -1 + (4 - 6) - 0?
-3
Evaluate (0 - -5) + -6 + 1.
0
Evaluate -5 + (3 - 6 - (-4 - -1)).
-5
What is the value of 2 + -3 + (-4 - -2) - 2?
-5
-1 + 4 + (19 - (7 - -12))
3
-21 + (-6 - -8 - -9)
-10
Evaluate -5 + 4 - (8 + (4 - 15)).
2
Calculate 3 + -11 - (1 + -7 + 6).
-8
What is the value of 1 + (-9 - -9) + -6 + -1?
-6
What is the value of 2 + (5 - -2 - 6)?
3
What is (-2 - (-2 + -2) - 1) + -2?
-1
8 + (-1 - 3) + -3
1
What is -1 + -4 + (5 + -1 - 1)?
-2
Calculate 0 - (0 + (1 + 0 - -1)).
-2
Calculate -6 - -5 - (-7 + 7).
-1
Calculate -2 + 14 - (30 - 22).
4
What is 1 - 0 - (9 + (-18 - -10))?
0
(4 + -13 - -3) + (0 - 3)
-9
What is -5 - 4 - (-1 - (6 + -3))?
-5
-7 + 8 + -2 + (-1 - 3)
-5
(1 - -2 - (39 + -34)) + 6
4
Evaluate (-1 - 2) + 1 + -3.
-5
Calculate 4 + -10 + 5 - -1.
0
Calculate -10 - (9 + (-6 - 6)).
-7
Calculate -2 + 0 - -8 - (177 - 179).
8
What is the value of 12 - (-14 - -11 - -23)?
-8
Calculate 2 + -2 + -5 + 8.
3
Calculate -4 + (0 - (-5 + 0)).
1
Evaluate 12 - 19 - (2 - 4).
-5
-4 + 7 + 6 - 7
2
What is the value of -5 + 3 + 2 + -1?
-1
0 + -3 + (-4 - -6)
-1
-5 + 9 - (16 - 8)
-4
Calculate -26 - -22 - (-1 + -5).
2
Evaluate 2 - (4 + 2) - -3.
-1
What is the value of (4 - 12) + 16 + -5?
3
What is the value of 8 + 12 + -8 + -2?
10
What is 7 - (8 + (2 + -3 - 4))?
4
What is the value of 47 + -50 - (0 - -1)?
-4
Calculate 1 - (0 - (4 - 0) - 0).
5
Evaluate 9 + -6 + -5 + -2.
-4
-3 + 4 + (0 - 2) + 4
3
Calculate -4 + -2 - (-14 - -11).
-3
What is the value of 0 + 6 + (-20 - -5 - -9)?
0
Calculate 20 + -20 - (0 + 0).
0
What is 4 - 4 - ((-1 - -1) + -4)?
4
Evaluate -6 - (-9 + (6 - 4) + 3).
-2
What is the value of (-24 - -18) + -1 + 5 + 1?
-1
Calculate (4 - -2) + -4 - 9 - -4.
-3
Calculate 8 + (2 - -2) + -10.
2
Calculate (15 - (8 + 3)) + -9.
-5
What is -5 - (-2 - (2 - -2))?
1
Calculate -4 + (6 - 8 - -4).
-2
What is the value of -2 + 5 - (2 - 0 - -1)?
0
Evaluate 3 - (-7 + 1 - -6).
3
Evaluate 2 + (-5 + -2 - (-3 - 5)).
3
-4 + 5 + (4 - 0)
5
Calculate -1 + 0 + -1 - -7.
5
-5 + (6 + -1 - 3) - -5
2
Calculate -17 + 3 + 16 + -9.
-7
0 + -7 - -7 - 5
-5
What is (-5 - 1) + (-14 - -22) + -5?
-3
What is the value of 1 + 0 + -2 + 4 - 3?
0
Calculate -5 + 4 + -1 - 2.
-4
5 + (-14 - -3) - -7
1
What is the value of (9 - 2) + -3 + 0?
4
(11 - (-2 - -7)) + -12
-6
Calculate -4 + 0 - (-3 + -3 + -2).
4
What is 2 - (5 + -1 + (30 - 27))?
-5
What is 4 - (-4 + 2) - 1?
5
What is the value of -1 + (3 - (5 - 2))?
-1
What is the value of 0 + 2 + 2 - (4 + -6)?
6
What is 2 + 1 - (-1 - (5 + -7))?
2
-1 + -1 + -13 + 10 + 1
-4
-27 - -17 - (-7 - -2)
-5
Calculate 3 + (4 - (-1 + 4 + 4)).
0
Calculate -7 + 5 - (6 + -12).
4
Evaluate 1 - ((-2 - 1) + 2).
2
What is (-3 - 0) + 4 - (16 - 14)?
-1
Evaluate 55 + -57 - (-5 - -1).
2
Evaluate (-8 - -1) + 4 + 7.
4
Evaluate -1 - (0 + -3 + (-2 - -3)).
1
Calculate (0 - 6) + 0 - (-94 - -88).
0
What is the value of 3 - (6 + (5 - 11))?
3
Evaluate -4 + -3 - -5 - (-2 + 8).
-8
What is the value of -5 + (2 - 8 - -3 - 1)?
-9
(-1 - -4) + (1 - 9)
-5
Calculate (0 - (-3 - (-2 - 5))) + 9.
5
What is the value of 5 + (2 - 4) - (-1 - -8)?
-4
(-7 + -1 - -5) + -1
-4
What is 6 + -9 - -9 - 3?
3
Evaluate -1 + -9 - (8 - (12 - 0)).
-6
Evaluate -2 - (-8 - (4 - 4)).
6
-9 - (-14 - (-12 - (1 + -7)))
-1
-13 - -6 - (-6 + 9)
-10
What is (-10 - 2) + 7 - -2?
-3
Calculate -2 + -2 + -1 + 8.
3
What is the value of (-2 + 5 - 9) + 3 + -2?
-5
What is 7 + -3 + 0 + -1 + 1?
4
Evaluate 3 + (1 - (-3 + 7)) + -6.
-6
2 + (-3 - 5) - -1
-5
Calculate -7 - ((-1 - 16) + 6).
4
Calculate (-4 - -4 - -4) + (6 - 5).
5
What is the value of 9 - (-6 - (-6 - -1))?
10
Calculate 0 + 10 - (0 - -2).
8
What is the value of 0 + (-3 - (4 + 0 + -5))?
-2
0 + -9 + 5 + -3